{"id":81,"date":"2022-08-02T16:40:27","date_gmt":"2022-08-02T14:40:27","guid":{"rendered":"https:\/\/bastian-buck.intern\/?page_id=81"},"modified":"2022-08-31T12:23:26","modified_gmt":"2022-08-31T10:23:26","slug":"ueber-mich","status":"publish","type":"page","link":"https:\/\/bastian-buck.de\/","title":{"rendered":"\u00dcber mich"},"content":{"rendered":"\n<p class=\"has-white-color has-text-color has-medium-font-size\">Das Fable f\u00fcr die IT-Security hat sich bereits in meiner Kindheit manifestiert. Seither konnte ich mein Wissen in diesem zukunftstr\u00e4chtigen Bereich der Informatik durch mein Bachelorstudium &#8222;IT-Security&#8220; bestens st\u00e4rken.<\/p>\n\n\n\n<p class=\"has-white-color has-text-color has-medium-font-size\">Auch jetzt noch z\u00e4hle ich zu den Studenten der Hochschule Albstadt-Sigmaringen mit meinem Masterstudium im Bereich &#8222;Advanced IT-Security&#8220;.<\/p>\n\n\n\n<p class=\"has-white-color has-text-color has-medium-font-size\">Neben wichtigen Praktika im Bereich der Cyber-Security und Systemadministration, sowie T\u00e4tigkeiten als studentische Hilfskraft bin ich leidenschaftlicher Gesch\u00e4ftsf\u00fchrer zweier IT-Unternehmen. Die <strong>BWeb-SSL Services UG &amp; Co. KG<\/strong> mit herausragend sicheren Hosting-M\u00f6glichkeiten (hier befindet sich auch diese Seite&#8230;) und die Komplement\u00e4rin <strong>BT computers &amp; more UG<\/strong>. Beide zwar recht klein, dennoch kann ich meine Kenntnisse so bestens vertiefen und mein Wissen zeigen.<\/p>\n\n\n\n<p class=\"has-white-color has-text-color has-medium-font-size\">Seit Beginn des Jahres 2022 bin ich auch im Bereich der Beratung f\u00fcr Cybersicherheit bei einzelnen Firmen und Kommunen t\u00e4tig, sodass Cyberkriminellen keine Chance bleibt!<\/p>\n\n\n\n<p class=\"has-white-color has-text-color has-medium-font-size\">Ich freue mich darauf, auch Ihnen mein Wissen zeigen zu k\u00f6nnen.<\/p>\n","protected":false},"excerpt":{"rendered":"<p>Das Fable f\u00fcr die IT-Security hat sich bereits in meiner Kindheit manifestiert. Seither konnte ich mein Wissen in diesem zukunftstr\u00e4chtigen Bereich der Informatik durch mein Bachelorstudium &#8222;IT-Security&#8220; bestens st\u00e4rken. Auch jetzt noch z\u00e4hle ich zu den Studenten der Hochschule Albstadt-Sigmaringen mit meinem Masterstudium im Bereich &#8222;Advanced IT-Security&#8220;. Neben wichtigen Praktika im Bereich der Cyber-Security und [&hellip;]<\/p>\n","protected":false},"author":1,"featured_media":0,"parent":0,"menu_order":0,"comment_status":"closed","ping_status":"closed","template":"","meta":{"footnotes":""},"class_list":["post-81","page","type-page","status-publish","hentry"],"_links":{"self":[{"href":"https:\/\/bastian-buck.de\/index.php?rest_route=\/wp\/v2\/pages\/81","targetHints":{"allow":["GET"]}}],"collection":[{"href":"https:\/\/bastian-buck.de\/index.php?rest_route=\/wp\/v2\/pages"}],"about":[{"href":"https:\/\/bastian-buck.de\/index.php?rest_route=\/wp\/v2\/types\/page"}],"author":[{"embeddable":true,"href":"https:\/\/bastian-buck.de\/index.php?rest_route=\/wp\/v2\/users\/1"}],"replies":[{"embeddable":true,"href":"https:\/\/bastian-buck.de\/index.php?rest_route=%2Fwp%2Fv2%2Fcomments&post=81"}],"version-history":[{"count":9,"href":"https:\/\/bastian-buck.de\/index.php?rest_route=\/wp\/v2\/pages\/81\/revisions"}],"predecessor-version":[{"id":104,"href":"https:\/\/bastian-buck.de\/index.php?rest_route=\/wp\/v2\/pages\/81\/revisions\/104"}],"wp:attachment":[{"href":"https:\/\/bastian-buck.de\/index.php?rest_route=%2Fwp%2Fv2%2Fmedia&parent=81"}],"curies":[{"name":"wp","href":"https:\/\/api.w.org\/{rel}","templated":true}]}}